{"id":2,"date":"2022-11-17T15:39:02","date_gmt":"2022-11-17T14:39:02","guid":{"rendered":"https:\/\/infoskema.jcn-bolig.dk\/?page_id=2"},"modified":"2024-04-15T09:03:44","modified_gmt":"2024-04-15T07:03:44","slug":"forside","status":"publish","type":"page","link":"https:\/\/infoskema.jcn-bolig.dk\/","title":{"rendered":"Infoskema &#8211; JCN Bolig A\/S"},"content":{"rendered":"\n<p class=\"has-text-align-center\" style=\"font-size:30px\"><strong>Klik dig ind p\u00e5 et af nedenst\u00e5ende skema for at udfylde ans\u00e6ttelsesblanket.<\/strong><\/p>\n\n\n\n<div class=\"wp-block-columns is-layout-flex wp-container-core-columns-is-layout-9d6595d7 wp-block-columns-is-layout-flex\">\n<div class=\"wp-block-column is-layout-flow wp-block-column-is-layout-flow\">\n<br>\n\n\n\n<p class=\"has-text-align-center has-medium-font-size\"><strong><a href=\"https:\/\/infoskema.jcn-bolig.dk\/index.php\/funktionaer\/\">Funktion\u00e6r<\/a><\/strong><br><a href=\"https:\/\/infoskema.jcn-bolig.dk\/index.php\/funktionaer\/\"><img loading=\"lazy\" decoding=\"async\" width=\"150\" height=\"150\" class=\"wp-image-48\" style=\"width: 150px;\" src=\"https:\/\/infoskema.jcn-bolig.dk\/wp-content\/uploads\/2022\/11\/f.png\" alt=\"\" srcset=\"https:\/\/infoskema.jcn-bolig.dk\/wp-content\/uploads\/2022\/11\/f.png 250w, https:\/\/infoskema.jcn-bolig.dk\/wp-content\/uploads\/2022\/11\/f-150x150.png 150w\" sizes=\"auto, (max-width: 150px) 100vw, 150px\" \/><\/a><\/p>\n<\/div>\n\n\n\n<div class=\"wp-block-column is-layout-flow wp-block-column-is-layout-flow\">\n<br>\n\n\n\n<p class=\"has-text-align-center has-medium-font-size\"><strong><a href=\"https:\/\/infoskema.jcn-bolig.dk\/index.php\/timeloennet\/\">Timel\u00f8nnet<\/a><\/strong><br><a href=\"https:\/\/infoskema.jcn-bolig.dk\/index.php\/timeloennet\/\"><img loading=\"lazy\" decoding=\"async\" width=\"150\" height=\"150\" class=\"wp-image-50\" style=\"width: 150px;\" src=\"https:\/\/infoskema.jcn-bolig.dk\/wp-content\/uploads\/2022\/11\/t.png\" alt=\"\" srcset=\"https:\/\/infoskema.jcn-bolig.dk\/wp-content\/uploads\/2022\/11\/t.png 250w, https:\/\/infoskema.jcn-bolig.dk\/wp-content\/uploads\/2022\/11\/t-150x150.png 150w\" sizes=\"auto, (max-width: 150px) 100vw, 150px\" \/><\/a><\/p>\n<\/div>\n\n\n\n<div class=\"wp-block-column is-layout-flow wp-block-column-is-layout-flow\">\n<br>\n\n\n\n<p class=\"has-text-align-center has-medium-font-size\"><strong><a href=\"https:\/\/infoskema.jcn-bolig.dk\/index.php\/praktikant\/\">Praktikant<\/a><\/strong><br><a href=\"https:\/\/infoskema.jcn-bolig.dk\/index.php\/praktikant\/\"><img loading=\"lazy\" decoding=\"async\" width=\"150\" height=\"150\" class=\"wp-image-49\" style=\"width: 150px;\" src=\"https:\/\/infoskema.jcn-bolig.dk\/wp-content\/uploads\/2022\/11\/p.png\" alt=\"\" srcset=\"https:\/\/infoskema.jcn-bolig.dk\/wp-content\/uploads\/2022\/11\/p.png 250w, https:\/\/infoskema.jcn-bolig.dk\/wp-content\/uploads\/2022\/11\/p-150x150.png 150w\" sizes=\"auto, (max-width: 150px) 100vw, 150px\" \/><\/a><\/p>\n<\/div>\n\n\n\n<div class=\"wp-block-column is-layout-flow wp-block-column-is-layout-flow\">\n<br>\n\n\n\n<p class=\"has-text-align-center has-medium-font-size\"><strong><a href=\"https:\/\/infoskema.jcn-bolig.dk\/index.php\/ansaettelse-af-laerlinge\/\">L\u00e6rling<\/a><\/strong><br><a href=\"https:\/\/infoskema.jcn-bolig.dk\/index.php\/ansaettelse-af-laerlinge\/\"><img loading=\"lazy\" decoding=\"async\" width=\"150\" height=\"150\" class=\"wp-image-449\" style=\"width: 150px;\" src=\"https:\/\/infoskema.jcn-bolig.dk\/wp-content\/uploads\/2023\/05\/l.png\" alt=\"\"><\/a><\/p>\n<\/div>\n\n\n\n<div class=\"wp-block-column is-layout-flow wp-block-column-is-layout-flow\">\n<br>\n\n\n\n<p class=\"has-text-align-center has-medium-font-size\"><strong><a href=\"https:\/\/infoskema.jcn-bolig.dk\/index.php\/ansaettelse-af-studentermedhjaelper\/\">Studentermedhj\u00e6lper<\/a><\/strong><br><a href=\"https:\/\/infoskema.jcn-bolig.dk\/index.php\/ansaettelse-af-studentermedhjaelper\/\"><img decoding=\"async\" class=\"wp-image-449\" style=\"width: 150px;\" src=\"https:\/\/infoskema.jcn-bolig.dk\/wp-content\/uploads\/2024\/04\/s.png\" alt=\"\"><\/a><\/p>\n<\/div>\n<\/div>\n\n\n\n<br><br><br><br><br>\n","protected":false},"excerpt":{"rendered":"<p>Klik dig ind p\u00e5 et af nedenst\u00e5ende skema for at udfylde ans\u00e6ttelsesblanket. Funktion\u00e6r Timel\u00f8nnet Praktikant L\u00e6rling Studentermedhj\u00e6lper<\/p>\n","protected":false},"author":1,"featured_media":0,"parent":0,"menu_order":0,"comment_status":"closed","ping_status":"closed","template":"","meta":{"footnotes":""},"class_list":["post-2","page","type-page","status-publish","hentry","entry"],"_links":{"self":[{"href":"https:\/\/infoskema.jcn-bolig.dk\/index.php\/wp-json\/wp\/v2\/pages\/2","targetHints":{"allow":["GET"]}}],"collection":[{"href":"https:\/\/infoskema.jcn-bolig.dk\/index.php\/wp-json\/wp\/v2\/pages"}],"about":[{"href":"https:\/\/infoskema.jcn-bolig.dk\/index.php\/wp-json\/wp\/v2\/types\/page"}],"author":[{"embeddable":true,"href":"https:\/\/infoskema.jcn-bolig.dk\/index.php\/wp-json\/wp\/v2\/users\/1"}],"replies":[{"embeddable":true,"href":"https:\/\/infoskema.jcn-bolig.dk\/index.php\/wp-json\/wp\/v2\/comments?post=2"}],"version-history":[{"count":37,"href":"https:\/\/infoskema.jcn-bolig.dk\/index.php\/wp-json\/wp\/v2\/pages\/2\/revisions"}],"predecessor-version":[{"id":592,"href":"https:\/\/infoskema.jcn-bolig.dk\/index.php\/wp-json\/wp\/v2\/pages\/2\/revisions\/592"}],"wp:attachment":[{"href":"https:\/\/infoskema.jcn-bolig.dk\/index.php\/wp-json\/wp\/v2\/media?parent=2"}],"curies":[{"name":"wp","href":"https:\/\/api.w.org\/{rel}","templated":true}]}}